 -624) + -2*1. Let t = 2626 - x. Suppose t - 140 = 4*h. Is h composite?
True
Suppose 4*k = -2*l + 924092, 441601 = 3*k + 5*l - 251461. Suppose -3*d = 13*d - k. Is d composite?
True
Suppose 5*n = 5*f - 60, 3*f - 6*f = 4*n - 15. Suppose -17*h - f*h + 85046 = 0. Is h composite?
False
Let m(i) = 31*i**2 + 16*i - 138. Let q = -618 + 637. Is m(q) prime?
False
Is (-10)/4 - (18 + 10528974/(-36)) prime?
False
Suppose -2*u = -3*r - 35303 - 5899, -4*u = 2*r + 27484. Let y = 25527 + r. Is y prime?
False
Let n = -65 - -20. Let c = 39 + n. Is 22/33 - 1334/c a composite number?
False
Let u(x) = -x**3 - 20*x**2 + 494*x - 186. Is u(-53) composite?
True
Let u(t) = -98*t + 2*t - 21*t + 112 - 6*t. Is u(-19) a prime number?
False
Is (-31240)/(-330)*3714/8 a prime number?
False
Suppose 2*w = -3*u - 59 - 3, 2*w = -8. Let y be (-16)/(-72) - 50/u. Let g(z) = 17*z + 2. Is g(y) a prime number?
True
Let t(y) = 3*y**3 - 215*y**2 + 23*y + 23. Is t(74) a composite number?
True
Let q be 2/3 - 40/(-12). Suppose q*g - 19046 = -2*f, 19*g - 24*g = -5*f + 47660. Is f a prime number?
False
Suppose 22804 = 4*o - b, 4*b + 28505 = -3*o + 8*o. Let v be 20/2*(-175)/(-10). Suppose 0 = 3*t - 3*m + v - o, -2*t = -5*m - 3669. Is t composite?
False
Suppose 3*g = -4*z + 319860, z + 10788 - 90753 = 3*g. Is (-1)/(6/33 - z/439747) a composite number?
True
Let z = -20 - -19. Let n be (15 + -10)*(2 + z). Is (1724/(-24))/(n/(-30)) a composite number?
False
Let m(r) = 2147*r**2 - 19*r + 241. Is m(-17) a composite number?
True
Let y(u) = 25*u**2 - 7*u - 7. Let g be y(7). Let q = 30 + g. Is q a composite number?
True
Is 33/3*7/(28/20204) a composite number?
True
Let m = 68518 - 30405. Is m a composite number?
False
Let h(z) = -3*z**3 - 12*z**2 + z + 7. Let s be h(-4). Is (-4006)/(-6) + 2/s*-1 a composite number?
True
Let q = 24 - 23. Let y be 3 - -192*q/1. Suppose -222 = -o + y. Is o a prime number?
False
Suppose 69 + 78 = 7*t. Suppose 5775 = -t*h + 26*h + 4*j, 2*h - j - 2297 = 0. Is h a composite number?
False
Let c(w) = 6253*w + 712. Is c(7) a composite number?
False
Let w(u) = -3309*u + 5407. Is w(-8) prime?
False
Let g(r) = -337048*r**3 + 3*r**2 + 23*r + 21. Is g(-1) composite?
False
Suppose -162*k = -146*k - 64. Suppose 2*v + 3*v = -11295. Is (1 + -3 + k)*v/(-6) composite?
True
Suppose h + 7 - 2 = 0. Let j be -4846*(h - -4) - 2*-1. Suppose -4*p = -4*a - j, 845 + 373 = p + 5*a. Is p prime?
True
Let g be (6 - 7) + (3 - -3). Suppose 3*v + 740 = -g*c, -5*c + 0*v = -4*v + 775. Is -4 - (c + 2 + 2) a composite number?
True
Let b(t) = -t**3 + 3*t**2 + 7*t - 9. Let m be b(3). Is -1454*(m/(-8))/1 prime?
False
Let d(o) = -2*o**2 - 5*o + 3613. Is d(0) composite?
False
Let c = 13568 - 5778. Suppose 11165 + c = 5*i. Is i composite?
True
Is 2*(1/(-2))/((-5)/968615) composite?
False
Suppose -11*f - 3745 = -523022. Is f a prime number?
True
Suppose 8 = 4*i - 2*i. Suppose -i*f = d - 11, 3*d - 4*d + 2*f = -5. Suppose 6*j - d*j = -2987. Is j composite?
True
Let c = 37266 + 86965. Is c composite?
False
Let k(h) be the third derivative of 413*h**4/24 - 43*h**3/2 + 75*h**2. Is k(28) prime?
False
Suppose 110604 = 159*h - 161*h + 476434. Is h a prime number?
False
Suppose 24*d = -291521 + 515523 + 494006. Is d prime?
True
Suppose -2*s + 32*s + 353070 = 0. Let p = 39872 + s. Is p a prime number?
False
Let b(h) = 562*h**2 + 141*h + 2. Let m be b(7). Let p = 56536 - m. Is p prime?
False
Suppose 0 = -c + 2*r - 1, -c - 2*c = 2*r - 21. Suppose 5*y - 3*z = -7*z + 25, -25 = -c*y - 2*z. Is ((-194)/2)/(y/(-7 - -2)) prime?
True
Let d = -31246 - -46660. Is (60/90)/(4/d) prime?
False
Let g be (-381)/(-75) + 14/(-175). Let l(m) = m**2 + 37*m - 5. Is l(g) a composite number?
True
Let m(h) = -2*h**2 - 12*h - 8. Let s be m(-5). Suppose -s*b = d - 3*d - 638, -4*d = -5*b + 1278. Let t = 652 + d. Is t composite?
True
Suppose d - 3*l + 1171 = 0, -d = 6*l - 2*l + 1171. Let f = -1986 - d. Let y = f + 1186. Is y composite?
True
Suppose 12*q - 6306862 = -46*q. Is q prime?
True
Let x(d) = d**3 - 8*d**2 + 16. Let t be x(8). Suppose -12*i + t*i - 40 = 0. Suppose -i*j + j = -1449. Is j a prime number?
False
Let z be (7029/(-132))/(2/(-8)). Suppose -2*i = 4*u - 301 - 149, i = u + z. Is i composite?
True
Let i = 10654 + -10651. Suppose 3*k = 0, 8505 = 5*b - 2*b + 3*k. Suppose -3*u - o + 2833 = o, -i*u = 3*o - b. Is u composite?
True
Is (-2 + -9 + 2241/166)*(-11734)/(-1) prime?
False
Suppose g - 5*t + 14 = 0, 2*t = 7 - 1. Is (-447 + g)*(-11)/2 composite?
True
Suppose -98 = -5*n - 48. Suppose 2*v = n*v + 48. Is 788 + (-6 - v) + 2/(-2) prime?
True
Let t(n) = -n**3 - 3*n**2 - 8*n. Let w be t(-2). Suppose -5*j + 25 = 5*f, -2*f - j - 5 = -3*f. Suppose 3829 = w*z - f*z. Is z composite?
False
Let d(c) = 1868*c**3 + 7*c**2 + 19*c - 39. Is d(2) a composite number?
True
Let h be (-16)/(-3 + (-45)/(-5) + -5). Is -2 + 1800 - 6*(-8)/h composite?
True
Is (-615946)/4*(-120)/1500 + 6/75 composite?
True
Let j be -4 + ((-23)/(-1) - (-4 + 4)). Suppose j*s = 1404 + 4049. Is s prime?
False
Let h = 858 - 853. Suppose h*p - 3533 = -3*b, -2*p + 71*b - 68*b = -1430. Is p a composite number?
False
Let y(j) = j**2 + 2*j + 3. Let a be y(0). Suppose 0 = -2*v + a*v + 1. Is 44*20 + (2 + v - 4) a prime number?
True
Let q(i) = 891*i**2 - 5*i - 3. Let g be -2 + (-4 - (-2 + -3)). Is q(g) a composite number?
True
Suppose 26*y - 3024 = -37*y. Is 236426/24 + (-4)/y a composite number?
False
Suppose 51*c - 5*w - 42926 = 49*c, -5*c + 107261 = w. Is c composite?
True
Let l = -13 + 14. Suppose l - 9 = -4*y. Suppose -y*n = 0, 4*o + 5*n = -0*n + 636. Is o composite?
True
Suppose -10*p + 150145 = 5*s - 15*p, 4*p - 60064 = -2*s. Suppose 3*v + 5*u = 27908 + 17136, 4*u - s = -2*v. Is v a prime number?
True
Is -5 - (-37398 + 0*2/10) a prime number?
False
Let k be (-46735)/(-6) - (-7)/(-42). Suppose t - 2*t = 4*b - k, -5*b = -t - 9725. Suppose g + 7795 = 5*g - l, 3*l + b = g. Is g a composite number?
False
Suppose 187*n = 159*n - 47239 + 1002683. Is n composite?
False
Let j(u) = 61 + 119*u**2 + 9*u + 18*u - 100*u**2 - 6*u. Is j(-14) a composite number?
False
Suppose t - 272 = -15*t. Suppose -20*s = -t*s - 9. Suppose -5*c + s*f = -c - 1607, 3*c = -4*f + 1199. Is c prime?
True
Let j = 220 + -147. Let p = 69 - j. Is (-114215)/(-65) + -3 + p/26 a composite number?
True
Let d(z) = -19*z - 128. Let h be d(-7). Suppose 3*n - 5*b = 32308, -53860 = -5*n - h*b - 0*b. Is n a prime number?
True
Let d(p) be the first derivative of 327*p**2/2 + 68*p - 84. Is d(3) a prime number?
True
Suppose 14*d = 15*d + 3. Is 5854/(d/(18/(-12))) a composite number?
False
Let g = -53 - -61. Let v(l) = -12*l**2 + 7*l - 7 + g*l + 27*l**2. Is v(6) composite?
True
Let x(h) = -10*h**3 + 4*h**2 + 17. Let j = 259 - 266. Is x(j) composite?
False
Let s be 18/(-45) + (-294)/15. Let v be (s/(-6))/((-6)/(-48483)). Is v/85 + (-2)/(-17) a composite number?
False
Is (-30)/(12 + 3) + 19809 composite?
True
Suppose -150*z = -146*z - 3535652. Is z a composite number?
True
Let i = 398 - -51405. Is i a composite number?
False
Let y(i) be the second derivative of -737*i**3/6 - 105*i**2/2 + 21*i - 2. Is y(-8) a prime number?
True
Suppose -2*s + 784290 = 4*k, -1013958 + 229671 = -2*s - k. Is s composite?
False
Is 3/(171/3718857) + (-6)/57 a composite number?
True
Suppose 4*z = 8, 13*m - 1606845 = 10*m - 3*z. Is m a composite number?
True
Let r = -31 - -31. Let s(w) = w**2 - w + 78. Let k be s(r). Let m = k - 9. Is m composite?
True
Suppose -2*k = -2*t - 66, -120 = -4*k - t + 2*t. Let n = k + -32. Is n + (16/4 - -570) a composite number?
False
Let n(d) = -12*d**2 - 70*d + 218. Let y(b) = 6*b**2 + 34*b - 109. Let c(x) = 2*n(x) + 5*y(x). Is c(25) prime?
True
Let g = 120 + 14573. Is g a prime number?
False
Let d(m) = m**3 + m**2 - 1. Suppose -5*q = -2*q - 12. Suppose 2*h - 6 - q = 0. Is d(h) a composite number?
False
Suppose -i - 3*i + 1484522 = -r, 5*i = -r + 1855657. Is i prime?
True
Suppose 5*v - 198 = -2*g, 2*v - 2*g = 6*v - 158. Let w = v - -1125. Is w composite?
True
Let a = 139110 + 12227. Is a composite?
False
Let p be 46/2 - (0 + 1). Let v = p - 19. Is v/((-36)/(-33)) - (-2)/8 prime?
True
Suppose -34*s + 15*s = 38456. Let j = -331 - s. Is j a prime number?
True
Suppose 0 = 3*c + 15, 2*d + 5*c - 8236 = 34233. Is d prime?
True
Let z(w) be the fi